 -4*n**3 + n**2 - 1. What is l(o)?
-4
Suppose -6*v - 4 = -2*v, 4*v = h + 4. Let l(c) = -5*c - 11. Let k(i) = -3*i - 7. Let b(z) = h*k(z) + 5*l(z). Determine b(-5).
6
Let f(p) = p - 7. Let l(w) = 2*w - 15. Let c(h) = 13*f(h) - 6*l(h). Let d be c(4). Let n(v) = -3*v + 3 - 2*v + 0 + v**2. Calculate n(d).
-3
Let u(b) = b**3 - 2*b**2 - b - 2. Let x(v) = v**2 + 6*v. Let c be x(-6). Suppose -4 = -c*a - a. Suppose l + a*h = 3, 4*l + 5*h = -l + 15. What is u(l)?
4
Let w = -3 + 2. Let v = 3 + w. Let n(k) = k**v + 1 - 3*k - 1 - 4. What is n(4)?
0
Let k(p) = p**2 + 7*p - 11. Suppose 14 + 18 = -4*c. Let j be k(c). Let g(h) be the second derivative of -h**3/2 - 2*h**2 + h. What is g(j)?
5
Let f(m) = 8*m - 4*m - 7*m + 3. Determine f(-3).
12
Let x(b) = 2*b - 7. Let k(m) = -m**3 + 10*m**2 + 14*m - 26. Let c be k(11). Calculate x(c).
7
Let y(p) = -p - 2. Suppose 3*o = -0*o - 3*d + 39, -5*d = -o - 11. Suppose a - o = 2*a + f, -37 = 3*a + 5*f. Calculate y(a).
2
Let w = -4 + 2. Let f be ((-8)/10)/(11/55). Let k be 2*(-6)/f + w. Let n(v) = 10*v**3. Determine n(k).
10
Let n(a) = a + 7. Suppose -3*s + 12 = -0*s. Let x(y) = -y - 6. Let z(i) = s*n(i) + 5*x(i). What is z(-4)?
2
Let q = 14 - 8. Let y(j) = -3*j - 18. Let b(g) = -4*g - 27. Let f(p) = -5*b(p) + 7*y(p). Give f(q).
3
Let b(x) = -4*x**2 + 2*x - 7. Let w(t) = -4*t**2 + 2*t - 5. Let j(d) = 3*b(d) - 4*w(d). What is j(-1)?
5
Let f = 69 + -64. Let k(x) = x**3 - 6*x**2 + 4*x - 1. Give k(f).
-6
Let q(o) = 2*o**3 + 2*o**2 + 3*o - 2. Let l(i) = -i**3 - 2*i**2 - 2*i + 1. Let f(j) = -3*l(j) - 2*q(j). Give f(2).
1
Let c(m) = -m - 11. Let d be c(-10). Let i(h) = -11*h. Give i(d).
11
Suppose 3*w - 4*a - 13 = -2*a, 0 = w + 3*a - 8. Let j be 7/3 + (-3)/9. Suppose j*f - w = -13. Let h(n) = n**3 + 5*n**2 + 3*n - 4. What is h(f)?
0
Let m(y) = -4*y - 1. Let p = -11 + 9. Determine m(p).
7
Let v(g) = -g**2 - g - 1. Let h(k) = -11*k**3 + 2*k**2 + 4*k + 5. Let j(w) = -h(w) - 4*v(w). Suppose 1 = 3*f + 4. What is j(f)?
-10
Let q = -9 - -5. Let w be 0 + -3 - (-11 - q). Let t = w - 2. Let v(z) = -3*z + 2. Give v(t).
-4
Let k(w) = -w**3 - 6*w**2 - w - 8. Let v be k(-6). Let m(h) be the first derivative of -2 + 2*h + h**3 + 2*h**2 + 1/4*h**4. What is m(v)?
-2
Suppose -5*b + 25 = 0, 8*j = 6*j - 4*b + 6. Let f(q) = -q**3 - 7*q**2 + q - 3. Calculate f(j).
-10
Let a(z) = 5*z + 1. Let v = 12 + -8. Let t be (-6)/v + 18/4. Let w = 4 - t. What is a(w)?
6
Suppose 13*u - 6 - 7 = 0. Let i(k) = 8*k. Give i(u).
8
Let m(x) be the second derivative of -x**5/2 - x**3/6 + x. Let j(y) = y**3 - 3*y**2 - 6*y + 15. Let r be j(2). Determine m(r).
11
Let p(r) = 18*r**2 + r**3 + 2*r - 3*r + 3 - 17*r**2. Determine p(-3).
-12
Let n be -2 + 1*4 - 1. Let p(o) be the first derivative of -o + 1/2*o**2 + 2 - 1/3*o**3 - 2*o**4. Determine p(n).
-9
Let h(b) = 6*b + 3. Suppose 5*n + 5*u + 7 = 3*u, 0 = 4*n - 4*u + 28. Let w be 35/(-15) - 1/n. Give h(w).
-9
Let j(k) be the second derivative of k**8/6720 + k**7/504 - 7*k**6/720 - k**5/30 - 5*k**4/12 - 3*k. Let f(n) be the third derivative of j(n). Calculate f(-6).
2
Let w(y) be the first derivative of 2*y**3/3 - y + 9. Calculate w(1).
1
Let h(z) = -4*z**3 + z**2 + z - 3. Let r(k) = -7*k**3 + 2*k**2 + 2*k - 5. Let j(w) = -5*h(w) + 3*r(w). What is j(2)?
-2
Let v(r) = r**3 - 10*r**2 - 10*r + 6. Suppose 34 - 12 = 2*y. Calculate v(y).
17
Let h(u) = -2*u**2 - 4*u + 4. Let m be h(1). Let j(r) = -4*r**3 - 4*r**2 - 3*r. Give j(m).
22
Let c(q) = q**2 - 2. Let z be (-6)/(-21)*(-7)/(-1). Determine c(z).
2
Let m(l) = l - 1. Suppose 5*o = 4*q - 13, 0 = 5*q - 5*o - 3 - 7. What is m(q)?
-4
Let t(j) = j - 3. Let r(a) = a - 3. Let b(x) = -5*r(x) + 4*t(x). Let i(g) = -2*g**3 - g**2 + 2*g - 1. Let w be i(1). Let v be 1 - (-6)/(w - -4). What is b(v)?
-1
Suppose -5*v - 2*t = 2*t - 2, v + 4 = -3*t. Let u(h) = -1 - 5*h**2 - 7*h + 0*h**2 + v*h + 3*h. Calculate u(-1).
-4
Let m(w) = -8*w - 9*w**3 - 5 + 7*w**2 + 2*w + 8*w**3 + 0*w**2. Determine m(6).
-5
Let u(w) = -13 - 7*w + 37 - 18 + w**2. Calculate u(6).
0
Suppose -q - 21 = 4*w + w, -4*w - 5*q = 21. Let d(r) = r**3 - 2*r**2 - 2*r - 6. Let g(p) = -p**3 + p**2 + p + 5. Let n(a) = -6*d(a) - 7*g(a). Determine n(w).
-3
Let w(j) = j + 18. Let y(c) = -c - 18. Let b(l) = -4*w(l) - 3*y(l). Give b(-9).
-9
Let x(a) = 14*a**2 + 10*a. Let o(y) = 9*y**2 + 7*y. Let s(m) = -7*o(m) + 5*x(m). Let w be 4*(5/(-2) - -3). Suppose 0 = -2*q - w. Determine s(q).
6
Let x(s) = -s**3 + 4*s**2 - 5*s + 4. Let w be x(3). Let o = -3 - w. Let v be -1 - -2 - (3 + o). Let k(y) = -y - 1. Calculate k(v).
0
Suppose 2*h = 3*h + 2. Let i(a) = a**3 + 2*a**2 - 1. Let g be i(h). Let d(n) = -8*n. Give d(g).
8
Let f = -3 + 9. Let b(x) = 49 - 7*x**2 - 100 + x**3 + 5*x + 52. Give b(f).
-5
Let x(h) = -h - 1. Let q be x(-1). Let k(j) = -2*j + 5*j + q*j - 6. Give k(4).
6
Let w be 4*((-7)/(-4) + -1). Let d(t) = t**2 + 3*t + 2. Let z be d(-3). Let o(c) = -2 + 2*c + z + 2. Give o(w).
8
Let a(c) = -c**3 - 5*c**2 + 6*c - 6. Let x be a(-6). Let t(y) = y**2 - 5*y - 5. Let z(g) = g**2 + g. Let q(f) = -t(f) + 2*z(f). Determine q(x).
-1
Let c(t) be the first derivative of t**3/3 + t**2/2 - 4*t + 4. Determine c(0).
-4
Let u = -9 - -37. Let j = u + -27. Let s(k) = 3*k + 4. Let v(g) = g - 1. Let m(t) = -s(t) - 3*v(t). Calculate m(j).
-7
Let z(x) = x - 2. Suppose 0*s = s + 2*i - 8, 4 = -3*s + i. Suppose 4*v + 2 - 14 = s. What is z(v)?
1
Let f(b) = b**2 - 2*b + 3. Suppose 5*n = 29 + 26. Let w be (-12)/(-66) + 20/n. Give f(w).
3
Let d(o) = -o**3 + 4*o**2 - 4*o - 5. Suppose 3*n + 0 = 12. Calculate d(n).
-21
Let k(f) = -f**3 + 4*f**2 + 3*f + 7. Let g be k(5). Let r(d) = d**3 + 3*d**2 - 2*d. Give r(g).
6
Let d(f) be the third derivative of -f**7/840 - f**6/90 - f**5/30 + f**4/24 + f**3/6 - f**2. Let l(u) be the first derivative of d(u). Give l(-3).
4
Let p(r) = 0*r**3 + r**2 + 2*r + 4*r**2 + 6 + r**3. Let b be p(-5). Let m(t) = -t - 1. Let i(l) = l + 2. Let f(w) = -4*i(w) - 3*m(w). What is f(b)?
-1
Let w(q) = 2 + 4*q - 3*q + 0*q. Let o(s) = 2*s - 4. Let i be o(4). What is w(i)?
6
Let a(z) = z**3 - 3*z**2 + 2*z**2 + 0*z**3 + 1 + z. Let q(j) = 3*j**2 - 4*j**3 - 11 + 0*j - 3*j**3 - 3*j. Let i(w) = -6*a(w) - q(w). Calculate i(-4).
1
Suppose v + 3*n = -12, -2*v - 6 = 4*n + 8. Let r(o) = o**2 - o + 1. Determine r(v).
7
Let f(x) = x + 1. Let t(y) = 4*y - 10. Let s(n) = -3*f(n) + t(n). What is s(7)?
-6
Let r(c) = c**2 - c - 1. Let y be 6 - (0 + 3 + -2). Suppose -s = -4*p - 8, -3*s - p + y*p = -8. Let h be r(s). Let l(m) = 7*m**2 + 2*m + 1. What is l(h)?
6
Let s be (4/3)/((-10)/45). Let d(v) = -v**2 - 8*v - 6. Determine d(s).
6
Let b = -44 - -40. Let g(x) = -2*x**2 - 3*x + 5. What is g(b)?
-15
Let b(v) = -25*v**3 + v - 1. Suppose 4*x + x = -4*z - 3, 3*x - 3*z - 9 = 0. Give b(x).
-25
Suppose 0 = 3*v - 0*v + 3*c - 3, 4*c - 7 = -v. Let m(j) be the third derivative of j**5/60 + j**3/6 - 4*j**2. What is m(v)?
2
Let k(w) = 3*w + 9. Suppose 0 = -5*s + 8*s + 18. Calculate k(s).
-9
Let t(d) = d**2 + 3. Let v be t(0). Let u be 4*v/9*3. Let g(n) = 1 + 1 + u*n - 2*n - 1. What is g(2)?
5
Let x(p) be the second derivative of -p**5/20 - p**4/12 + p**3/6 + p. Let k be ((-9)/(-6))/(3/(-4)). Let s be k + -1 + (2 - -1). Give x(s).
0
Suppose 1 = o - 4. Suppose -2*z + 5*t + 22 = -5, o*t + 25 = 0. Let c(g) be the third derivative of 2*g**5/15 - g**3/6 - 27*g**2. Give c(z).
7
Let n(x) = x**2 - 3*x. Let y = 74 - 71. Calculate n(y).
0
Let b(j) = -j**2. Let m be b(0). Let x(g) = 0*g**3 + g**3 + m*g**2 - 4*g**2 + g - g**2 + 3. Determine x(4).
-9
Let d(g) be the second derivative of -g**5/20 - g**4/12 + g**3/3 - g**2/2 + 10*g. Give d(-2).
-1
Suppose 0 = -0*f + f. Let m(b) be the third derivative of b**7/2520 + b**5/20 - b**4/24 + b**2. Let y(u) be the second derivative of m(u). What is y(f)?
6
Let l = 44 - 263/6. Let p(u) be the third derivative of 1/10*u**5 + 0 + l*u**3 - 1/12*u**4 + 0*u + u**2. Determine p(1).
5
Suppose -a + 11 = -3*w + 4, 0 = 3*a - w - 21. Let m = -5 + a. Let i(g) = -3*g**2 - g + 2*g**m - 2*g**3 + 2*g. Determine i(1).
-2
Let q(g) = g**2 - 4*g - 1. Let m = 8 - 5. Let k be q(m). Let h(t) be the second derivative of t**5/20 + t**4/4 - t**3/3 - 3*t**2/2 - t - 22. Determine h(k).
-11
Let g = -88 - -98. Let l(a) = a**2 - 10*a. Determine l(g).
0
Let i(c) = 12*c**2 - 2*c - 1. Let n be -2 